s of n.
31, 199
Let c = 28 + 29. Let v = c - 60. Let w(m) = -40*m - 12. List the prime factors of w(v).
2, 3
Let k(c) = 12*c - 63. Let n be k(7). Suppose 195 = n*b - 918. List the prime factors of b.
53
Let q(i) = 2*i**2 + 4*i - 14. Let s be ((-24)/15)/(-4*1/10). Suppose 5*r - 32 = -s*k - 0*k, -4 = 2*k. What are the prime factors of q(r)?
2, 73
Let f(v) = -25*v + 20. Let y(x) = -x - 11. Let r be y(-7). Let w be f(r). Suppose o - w = -2*o. List the prime factors of o.
2, 5
Let z(q) = -2*q**2 - 19*q + 13. Let k be z(-10). Suppose 156 = k*c + f - 2003, 0 = -4*f + 20. List the prime factors of c.
2, 359
Let u be (-144)/(-14) - (-5)/(35/(-2)). Suppose 2*n + 8 = -b, 5*n + u = -b - 10. What are the prime factors of (8 - 5 - -64)*(b - -1)?
67
Suppose -2 = -2*y, y - 43 - 2 = -4*t. Let z be (3 + 5)*2*t. Suppose g + g - z = 0. List the prime factors of g.
2, 11
Suppose -3*y = 4*p - 21, 24 = -4*y + 8*y + 4*p. List the prime factors of -4 + 18/y + 228.
2, 5, 23
Suppose -5*l - 45 = -5*n + 820, 337 = 2*n - 5*l. List the prime factors of n/7 - (4 - 189/49).
5
Suppose -4*q + g = 3*g + 18, 8 = q - 2*g. Let i be 1/q*0/4. Suppose -90 = -u - 4*y, 4*u - 2*u - 4*y - 132 = i. What are the prime factors of u?
2, 37
Let y = -5151 + 35876. What are the prime factors of y?
5, 1229
Let w(b) be the first derivative of 17*b**3/3 - 5*b**2 + 5. Let o be w(-2). Suppose -2*l + o = -0*l. What are the prime factors of l?
2, 11
Suppose u + 3*u = 3*f + 25, 0 = 3*f - 5*u + 29. List the prime factors of 232*(f/(-2) + (-3 - -2)).
2, 29
Let t = -4 + 8. Suppose -4*s - f - 30 = -0, 10*f = 4*s + 8. List the prime factors of -110*(t + 1 + s).
2, 5, 11
Let i(y) = 18*y**3 + y**2 + 9*y - 14. Let j be i(3). Suppose -16*g = -15*g - j. What are the prime factors of g?
2, 127
Suppose 0 = -34*y + 16384 + 10442. What are the prime factors of y?
3, 263
Let a(g) = -530*g - 306. What are the prime factors of a(-9)?
2, 3, 31
Let m = -5030 + 5606. List the prime factors of m.
2, 3
Suppose 11*v + 12*v = 322. Suppose 5 = -l - 4*d, -3*l = -6*l + 4*d - 15. What are the prime factors of ((-60)/v)/(l + 204/42)?
2, 3, 5
Let w(m) = -m**2 + m - 3. Let a be w(0). Let o be (322 - 1) + -1 + a. Suppose -5*c + o = -43. List the prime factors of c.
2, 3
Let w(f) = 13*f**2 - 4*f + 7. Let h(o) = -6*o**3 - o**2 - 3. Let l be h(-2). Let j = l + -38. List the prime factors of w(j).
2, 7
Suppose -d + 894 = w - 8807, w - 48521 = -5*d. What are the prime factors of d?
3, 5, 647
Suppose -g - 7*u + 11*u = 13, -5*u + 35 = 5*g. Suppose 5*x - 493 = 3072. Suppose 5*j - l = 1193, -g*j + 0*j + 2*l = -x. What are the prime factors of j?
239
Let f(x) = x**2 + x - 7. Let d be f(3). Suppose -5*g - 4*q - 771 = -8*g, 0 = d*g + 4*q - 1317. What are the prime factors of g?
3, 29
Suppose -80*c + 32*c + 1704131 = 173*c. List the prime factors of c.
11, 701
Suppose 0 = -v + 7127 + 864. List the prime factors of v.
61, 131
Suppose b + 4 = 0, -44 = -2*l - 4*b + 2. List the prime factors of l.
31
Let m be (2 + -2 - -1)*16. Let w be ((-1)/(1/606))/((-12)/m). Suppose -w - 44 = -12*o. List the prime factors of o.
71
Let n = 1951 + 11108. What are the prime factors of n?
3, 1451
Let b(m) = -m**3 + 8*m**2 - m - 26. Let x be b(7). Suppose x*n - 2415 = -95. List the prime factors of n.
5, 29
Let s(u) = 728*u - 463. What are the prime factors of s(3)?
1721
Suppose -68*s - 115*s + 5900495 = 1969655. What are the prime factors of s?
2, 3, 5, 179
Suppose -4*y - y - 205 = 0. Suppose 62*h = 53*h + 1152. Let v = y + h. What are the prime factors of v?
3, 29
Let k = 135 - 131. Suppose -800 = -k*n + 136. Suppose -2*l = l - n. List the prime factors of l.
2, 3, 13
Let p = 1518 - 606. Let j = 2393 - p. List the prime factors of j.
1481
Suppose -356*s + 325*s + 22979 + 4022 = 0. What are the prime factors of s?
13, 67
Let w(l) = l**3 - 34*l**2 + 38*l - 161. Let x be w(33). Suppose 2*i - x*i = -8, 569 = 3*q - i. What are the prime factors of q?
191
Let p = 511 + -505. Suppose p*s - 2*t - 2587 = -s, -4*t = 8. List the prime factors of s.
3, 41
Let o be 2*(-3 - -4) + 4. Suppose 2*v + 0 = -y + o, 0 = -5*y + 2*v + 6. What are the prime factors of -2 - (-6)/(y + 1) - -144?
2, 3
What are the prime factors of ((-1842543)/(-101))/(2/4)?
2, 3, 2027
Suppose f + 5*v = 6011, -135*f + 18071 = -132*f - 4*v. List the prime factors of f.
3, 223
Suppose 35*s + 47853 = 258728. List the prime factors of s.
5, 241
Let b = -6362 + 11639. List the prime factors of b.
3, 1759
Let v(m) = m**3 - 7*m**2 + 5*m + 6. Let q be v(6). Let a be (q + 2/4)*(9 - 1). Suppose 5*w + 71 + 62 = 2*c, 5*w = a*c - 281. List the prime factors of c.
2, 37
Let i(j) = j**2 - 7*j - 6. Let r be i(8). Suppose 73*b = 74*b - r. Suppose -b*f - 118 = -3*q, 5*q + 2*f = 83 + 119. List the prime factors of q.
2, 5
Let s(i) = i**3 - 12*i**2 - 20*i + 80. Let z be s(13). List the prime factors of -6 - z - -226 - (1 - 4).
2, 3, 13
Let k(c) = 1408*c**2 + 267*c - 1946. What are the prime factors of k(8)?
2, 163, 277
Let b = 3606 - 3538. List the prime factors of b.
2, 17
Suppose 3619 = 2*j + 3*j + 3*i, 5*i = -j + 715. Let g = -579 + j. What are the prime factors of g?
2, 73
Let a(c) be the second derivative of 26*c**4 - c**3 + 5*c**2/2 + 16*c - 1. List the prime factors of a(1).
311
Suppose 38*n + 223999 - 1011141 = 166392. List the prime factors of n.
23, 1091
Suppose -9*q + 257*q - 9858496 = 0. List the prime factors of q.
2, 4969
Let h(i) = 16*i**3 - 13*i**2 - 52*i + 311. List the prime factors of h(9).
2, 5227
Let x(d) = 9*d**2 - 5 + 31*d**3 - 32*d**3 - 5 - 3*d + 11. Let y(s) = -s. Let u be y(-6). List the prime factors of x(u).
7, 13
Let t(d) = -d**2 + 54*d + 68. Let g be t(34). Let v = g + 148. What are the prime factors of v?
2, 7
Let z(o) = 30996*o**3 - o**2 + 3*o - 2. Let i be z(1). Suppose -40*s = -19*s - i. List the prime factors of s.
2, 3, 41
Suppose 9963 - 3614 = -7*x. Let z = -399 - x. List the prime factors of z.
2, 127
Let a(p) = 2*p**3 - 40*p**2 + 23*p - 567. List the prime factors of a(29).
2, 19, 401
Let n(f) = -9*f**3 - 5*f**2 + 10*f + 17. Let z be n(-5). Suppose 2*h = c + 2871, -3*h - 3*c - z = -5278. What are the prime factors of h?
2, 359
Let f(t) = -3*t**3 - 41*t**2 + 94*t + 209. List the prime factors of f(-19).
13, 17, 19
Suppose 2*j = 7 - 3. Suppose n = 4 - j. List the prime factors of 1 + n - (-259 + (-5)/(-5)).
3, 29
Let c be ((-258)/(-344))/(3*(-2)/(-32)). Suppose 2267 = 5*g - 3093. What are the prime factors of 1*g/(c/1)?
2, 67
Let r = 24 + 18. Let p = 23 + r. What are the prime factors of p?
5, 13
Let z = -19757 + 64524. What are the prime factors of z?
89, 503
Suppose -15*m + 278 = -17*m. Let l = -9 - m. What are the prime factors of l?
2, 5, 13
Suppose -39*g = -51579 - 63822. What are the prime factors of g?
11, 269
What are the prime factors of (-97 + -13)*(-70)/1?
2, 5, 7, 11
What are the prime factors of 1226060/165 - 2/3?
2, 5, 743
Suppose -200*j - 1146 = -203*j. Suppose r - 3*k = -2*k + 181, -j = -2*r - 2*k. List the prime factors of r.
2, 3, 31
Suppose -2812*j = -2773*j - 902889. What are the prime factors of j?
3, 7717
Let b(u) = u**2 + 14*u + 35. Let q be b(-10). Let a(i) = -15*i - 3. What are the prime factors of a(q)?
2, 3
Suppose 0 = -18*z + 7127 - 1385. Suppose q = -5*a + 891, 5*a + 81 = -2*q + 968. Let u = z - a. List the prime factors of u.
2, 5, 7
Let j = 6 + -3. Let l be (-6)/(10/(-6) - 1/j). List the prime factors of ((-254)/10)/(l/(-15)).
127
Let f(q) = 2*q**3 + 3*q**2 - 2. Let w be f(-4). What are the prime factors of -3 + w/(-26) - 1246/(-13)?
2, 3
Let f(d) be the third derivative of 57*d**6/40 - d**5/60 + d**4/8 - d**3/6 - 2*d**2. Let o be f(1). Let h = o + -74. List the prime factors of h.
2, 7
Suppose -o = 11*g - 6*g - 38171, o - 1 = 0. What are the prime factors of g?
2, 11, 347
Suppose -2*n + c + 218 = 4*c, -4*n - c + 446 = 0. Let x be (-1)/((33/(-825))/((-6 - -3) + 6)). Let o = n - x. List the prime factors of o.
37
Suppose 71*k + 3*k - 33078 = 0. List the prime factors of k.
3, 149
Let z be 6 + (-6 - -2) + -1469. Let t = -1040 - z. List the prime factors of t.
7, 61
Suppose 55585 = 124*r - 64695. List the prime factors of r.
2, 5, 97
Let p be (16/(-8))/((-4)/(-6)). Let r(g) = 8*g**2 + 11*g - 3. Let a be r(p). What are the prime factors of (-6)/27 - (-6092)/a?
13
L